ts digit of m?
3
Suppose 0 = 2*y - 3*c - 208, 0 = -2*c - 3*c. Suppose 15 = 5*b + z - 6*z, 2*z = -5*b + 29. Suppose -b*s - y = -454. What is the units digit of s?
0
Suppose 0 = 30*v - 2*v - 56. Suppose -p - 5*d + 296 = 0, -3*p + 5*d + 942 = v*d. What is the hundreds digit of p?
3
Let q(g) = 18*g**2 + 5*g + 221. What is the hundreds digit of q(-7)?
0
Suppose -3*x = 2*h - 120989, 302485 = 5*h - 1712*x + 1707*x. What is the ten thousands digit of h?
6
Let j = -576 + 1314. Let p = 1266 - j. What is the tens digit of p?
2
Let x = 66 - 116. Let t be x/3 + 8/12. What is the units digit of 30/12*t/(-20)?
2
Let o(b) be the first derivative of b**4/4 + 2*b**3/3 + 9*b**2/2 - 8*b - 27. What is the units digit of o(8)?
4
Suppose 229 = 3*m + 19. Let n = -9 + m. Let c = n - -21. What is the units digit of c?
2
Let a = -5143 + 5454. What is the units digit of a?
1
Let d be 598/4 + (-2)/(-4). Let x = 273 - 269. Suppose d = x*b - 366. What is the hundreds digit of b?
1
Let q(x) = 55*x - 122. Let c be q(11). Let s = c + 955. What is the units digit of s?
8
Suppose -1482 = 3*l - 3*r, 5*l - 4*r + 1651 + 816 = 0. Let b = l + 908. What is the tens digit of b?
1
What is the thousands digit of 8901 + 42/(-12)*2?
8
Let i(q) = 225*q**3 + 10*q**2 + 9*q - 126. What is the ten thousands digit of i(7)?
7
Suppose 13*z - 14*z = -287. Let n be (-187)/1 + -11 + 12. Let y = n + z. What is the hundreds digit of y?
1
Let l(f) = f**3 - f**2 + f - 10. Let v(c) = -c**3 + c**2 + 2*c + 6. Let k be v(0). What is the tens digit of l(k)?
7
Let k(t) = 10*t**2 - 81*t - 561. What is the ten thousands digit of k(-63)?
4
What is the ten thousands digit of (12/5)/(78/1260740)?
3
Let j be (-2)/(3 - (-194)/(-132)*2). Let n = -35 - j. What is the units digit of -2*((n + 3 - 0) + -2)?
2
Let t(g) = 757*g**2 - 2. Let r be t(-1). Suppose 0 = 5*k + 6*u - 3*u - 964, -4*k + r = -3*u. Let n = 10 + k. What is the tens digit of n?
0
Let a = 2963 - 602. Let j = 3354 - a. What is the units digit of j?
3
Suppose 4351853 = 503*a - 336*a. What is the ten thousands digit of a?
2
Let f(j) = 35*j - 61. Suppose 2*p - 13 = -5*i + 45, -10 = -i - 2*p. What is the units digit of f(i)?
9
Suppose -t - 7857 = -s, 16*s - 17*s = t - 7855. What is the hundreds digit of s?
8
Let w = -1226 + 14147. What is the units digit of w?
1
Let d(n) = 4*n - 29. Let q be d(6). Suppose w = -4*r - 1402, 4224 = -5*w + 2*w - 3*r. What is the tens digit of -3*(w/(-9))/q?
9
Suppose -2*r + 4*r = 16. Suppose 0 = -f - 4*o + 6 - 22, 4*f = 2*o + r. Suppose -5*p = -f*p - 385. What is the tens digit of p?
7
Suppose -3*j = -2*n - 2260, 0 = 4*j - 2*n - 364 - 2652. Let y = j + -309. What is the units digit of y?
7
Let q be (-2 - 0)/(26/(-11882)). Let r = 517 + q. What is the tens digit of r?
3
Let b(t) = 23*t**2 + 197*t + 244. What is the ten thousands digit of b(25)?
1
Let f be (-2)/13 - 14552/221. Let d = 206 - f. What is the units digit of d?
2
Suppose 3*h + 968 = 5*h + 4*b, 1454 = 3*h + 5*b. Let n = -280 + h. What is the units digit of n?
8
Let v(g) = -6*g**3 - 12*g**2 - 12*g - 40. What is the hundreds digit of v(-9)?
4
Let s = -47 - -37. Let p be -3 + (1776/s - (-4)/(-10)). Let c = p + 368. What is the hundreds digit of c?
1
Let n be (2/(-4))/(-3 + 7/2). Let u(r) = -548*r**3 + r**2 + 6*r + 5. What is the tens digit of u(n)?
4
Let t(v) = -30096*v + 2177. What is the tens digit of t(-3)?
6
Suppose 4*h - 22 = -5*v, 11*v + 5*h = 12*v + 13. Suppose -4*c + 990 = v*c. What is the hundreds digit of c?
1
Let o = 382 + -272. Let n = -22 - 54. Let x = o + n. What is the tens digit of x?
3
Let n be 225/72 - (-2)/(-16). Suppose n*g = 3*u - 562 - 449, 16 = -4*g. Let f = -236 + u. What is the units digit of f?
7
Suppose 3*r + 5*z + 0*z - 250146 = 0, 4*z = -3*r + 250143. Suppose 0 = 4*c - 47*c + r. What is the thousands digit of c?
1
Let q = -161 - -171. Suppose q*f + 893 = 2763. What is the hundreds digit of f?
1
Let y(g) = 29*g**2 - 9*g - 7. Let n be y(4). Suppose -3*h + 1816 - n = 0. What is the hundreds digit of h?
4
Let j(m) = 2*m - 25. Suppose -6*x + x + 85 = 0. Let h be j(x). What is the units digit of (h/(-6))/((-4)/16)?
6
Suppose -11*h - 1965 + 7949 = 0. Suppose 3*f - 4*i - h - 661 = 0, -i - 1980 = -5*f. What is the hundreds digit of f?
3
Suppose -40*w + 19224 = -38*w + 2*m, -2*w + 19222 = m. What is the tens digit of w?
1
Let p(x) = 1422*x - 21. Let y(m) = 4977*m - 72. Let j(v) = -18*p(v) + 5*y(v). What is the hundreds digit of j(-2)?
4
Let d be 6 + (6 - (221 + -8)). Let o = d + 1273. What is the tens digit of o?
7
Let k(o) = o**3 + 12*o**2 + 8*o - 22. Let c(v) = -13*v + 11*v + 1 - 5 - 7. Let l be c(0). What is the tens digit of k(l)?
1
Let q(k) = -k**3 - 5*k**2 - 8*k + 18. Let d(x) = -3*x**3 + 18*x**2 - 19*x + 9. Let p be d(5). What is the tens digit of q(p)?
3
What is the units digit of -2 + (-133)/(-56) + (-1125765)/(-72)?
6
Let j = -102 + 233. Let v = -134 + j. What is the tens digit of (-32)/(-8)*(v + 151/4)?
3
Suppose 3*i - 6 = 0, -3*m - 2*i - 11 = -0. What is the units digit of -2*(-3)/(-6)*(-226 - m)?
1
Suppose -5*u = -0*u - 45. Suppose u*a + 1666 = 12*a + 5*j, -3*a + 5*j = -1616. What is the units digit of a?
7
Suppose -240699 = -119*z + 167114. What is the tens digit of z?
2
What is the tens digit of ((-3)/7)/((-30)/105)*(-80200)/(-15)?
2
Let k(i) = -i**3 + 6*i**2 + 4*i - 4. Let q be k(6). Let h be 108/q + (-2)/5. Suppose -h*j = -2*n - 529, -3*j - 4*n - 59 = -366. What is the units digit of j?
5
What is the hundreds digit of 0 + 13426 - 294/(-21)?
4
Suppose 4*d = c - 161 - 27, 4*d + 908 = 5*c. Let f = c - -196. What is the hundreds digit of f?
3
Let m = 22 - 0. Suppose 2 = -b - c, 2*b = -b + 4*c + m. Suppose -216 = -4*d + b*o, -2*o = -6*o - 8. What is the units digit of d?
3
Let t be 6/(1 + 2) + 550. Suppose v - 108 = -5*j, v - 4*j = -3*v + t. Suppose 2*k - 352 = -5*i - 2*k, 2*i - v = k. What is the tens digit of i?
6
Let l = 2 - -137. Suppose -5*g + 14 = 19*p - 23*p, -3*p + g - 5 = 0. What is the tens digit of (2/p - -3) + l + 0?
4
Let p(x) = -10*x - 40. Let k be p(-5). Suppose 4*w = -k*w - 6104. Let y = -231 - w. What is the tens digit of y?
0
Suppose -3*j = 5*f - 843, 2*f + j - 339 = -2*j. Let p = f + -120. Let i = p + -8. What is the tens digit of i?
4
Let o = 1437 + 1050. What is the units digit of o?
7
Suppose 13*x - 11502 = 4*x. Suppose -x = -3*n - 366. What is the units digit of n?
4
Let r = -7 - -35. Suppose 0 = 5*s + p - 16, 3*p + r = 4*s - 0*p. Suppose 2*k = c - 92, -425 = -3*c - s*k - 109. What is the units digit of c?
0
Let f = -238 - -240. Suppose 3*y = -4*p + 897, p = -f*y + y + 224. What is the hundreds digit of p?
2
Let y(k) = -k**3 - 52*k**2 - 168*k - 153. What is the tens digit of y(-49)?
7
Suppose 20*o = -4389 + 20969. Let p = -808 + o. What is the units digit of p?
1
Suppose -52781 = -2*m - 134071. What is the units digit of ((-2)/(-5))/((-162591)/m - 4)?
8
Let z = -41 + 41. Suppose z = -3*c - 3*v, v = 4*c + 3*v. Suppose 3*g + 0*a - 353 = a, c = -2*a - 4. What is the tens digit of g?
1
Let h(p) = 5*p**3 + p**2 + 17*p + 62. Let j be h(-14). What is the tens digit of 119/51 + j/(-12)?
4
Suppose -10368 = -3*o + 2*s, 0 = 3*o - 258*s + 253*s - 10359. What is the tens digit of o?
5
Let t(v) = 793*v + 152. What is the thousands digit of t(16)?
2
Suppose -115*j + 114*j = 5*i - 63420, -i + 12688 = j. What is the tens digit of i?
8
Suppose 3*v + 225 - 624 = 0. Let w be (-2)/8 + (-171)/4. Let j = v + w. What is the units digit of j?
0
What is the units digit of 1346/((-9)/(-6) - 1)?
2
Let q be (-16)/32 + 462/(-4). What is the tens digit of (q/(-8))/(6 - 790/132)?
5
Let f = -16484 + 29618. What is the hundreds digit of f?
1
Suppose 0 = -3*t + 5*n + 25747, n - 5*n = 5*t - 42961. What is the tens digit of t?
8
Let u(k) = -5*k - 4. Let y be u(-21). Let m = y + 122. What is the units digit of m?
3
Suppose 0 = -p + 3*q - 15, 14*p - 11*p - 4*q + 20 = 0. Suppose p = 20*i - 22*i + 70. What is the units digit of i?
5
Let t = -1376 - 2138. Let u = -2375 - t. What is the units digit of u?
9
Suppose -117 = -4*u + 5*h - 47, 90 = 5*u - 5*h. Let s = u + -15. Suppose -4*a = -4*t + 172, 4*t + 89 = -s*a + 234. What is the tens digit of t?
4
Let k(h) = 80*h**2 + 33*h + 121. What is the ten thousands digit of k(13)?
1
Suppose 2*z + 6*z - 336 = 0. Let w 